is b(-8)?
24
Let t(v) = -12*v**2 + 62*v + 29. What is t(5)?
39
Let w(q) = -q**3 - 24*q**2 - 20*q - 3. Give w(-23).
-72
Let l(p) = -196*p - 6. Determine l(0).
-6
Let g(r) = -248*r - 9421. Calculate g(-38).
3
Let y(a) = -a**2 - 3830*a + 73113. Determine y(19).
-18
Let s(a) = -4*a**3 + 7*a**2 + 7*a - 17. Give s(2).
-7
Let m(h) = -189*h - 13229. Calculate m(-70).
1
Let m(a) = a**3 + 15*a**2 - 55*a - 289. What is m(-17)?
68
Let m(g) = -3*g**2 + 862*g - 2591. Give m(3).
-32
Let p(c) = -33*c**2 - 329*c + 4. Calculate p(-10).
-6
Let w(n) = 15*n - 13. What is w(0)?
-13
Let m(v) = 69*v**2 - 800*v + 444. Give m(11).
-7
Let d(j) = 33*j + 171. Calculate d(-5).
6
Let w(n) = n**3 - 54*n**2 + 108*n - 197. Determine w(52).
11
Let p(w) = -w**3 + 16*w**2 - 28*w - 22. Calculate p(12).
218
Let z(h) = 24*h - 570. Give z(25).
30
Let f(x) = -10*x**2 + 2*x + 2. Calculate f(-2).
-42
Let w(m) = -4*m**3 + 152*m**2 + 4*m + 33. Determine w(38).
185
Let q(g) = -2*g**3 - g**2 + 21*g - 29. Determine q(2).
-7
Let m(c) = 37*c**2 - 135*c - 58. What is m(4)?
-6
Let m(g) = -g**3 - 22*g**2 - 27*g + 314. Determine m(-20).
54
Let n(a) = -a**2 + 51. Give n(-18).
-273
Let b(h) = h**3 - 20*h**2 + 48*h - 40. Calculate b(13).
-599
Let v(i) = -i**3 - 9*i**2 - 28*i - 179. Calculate v(-10).
201
Let r(a) = 4*a**3 - 398*a**2 + 238*a - 3964. Determine r(99).
-4
Let j(d) = 11*d - 58. Give j(-1).
-69
Let h(c) = -52*c**2 + 261*c. Give h(5).
5
Let t(u) = -4*u**2 + 9*u + 12. Calculate t(4).
-16
Let n(j) = 2*j**2 - 53*j - 45. Determine n(28).
39
Let x(y) = 58*y**2 + 763*y - 48. Give x(-13).
-165
Let n(q) = -q**3 + 51*q**2 - 150*q + 299. Give n(48).
11
Let k(f) = -7*f**2 - 611*f - 773. Determine k(-86).
1
Let k(n) = -26*n**2 - 513*n + 513. Calculate k(1).
-26
Let m(i) = 192*i - 3259. What is m(17)?
5
Let n(p) = 14*p + 164. What is n(-11)?
10
Let u(i) = 1623*i - 29241. Calculate u(18).
-27
Let i(m) = -m**3 - 71*m**2 + 549*m + 234. Calculate i(-78).
0
Let u(o) = -2*o**2 + 41*o + 41. Determine u(23).
-74
Let n(w) = -9*w + 105. Determine n(16).
-39
Let n(l) = -199*l + 1050. What is n(5)?
55
Let o(r) = -173*r + 10383. Determine o(60).
3
Let d(q) = -2*q**3 + 6*q**2 + 26*q + 13. What is d(6)?
-47
Let y(n) = n**3 + 8*n**2 - 7*n - 32. What is y(-9)?
-50
Let q(z) = -17*z**2 - 20*z - 94. Give q(-4).
-286
Let w(m) = -m**2 + 12*m + 123. Determine w(-7).
-10
Let p(n) = -n**3 - 71*n**2 + 77*n + 265. Determine p(-72).
-95
Let n(r) = r**3 - 39*r**2 + 4*r - 179. Determine n(39).
-23
Let j(u) = -6*u + 129. Give j(18).
21
Let a(f) = -578*f + 1693. Give a(3).
-41
Let j(l) = -3127*l - 9378. Calculate j(-3).
3
Let c(t) = -2*t**3 + 133*t**2 + 1351*t - 63. Calculate c(-9).
9
Let t(g) = g**3 - 3*g**2 - 11*g + 27. Calculate t(3).
-6
Let p(u) = 1671*u - 3328. Determine p(2).
14
Let p(m) = -m**2 - 57*m + 683. Give p(-67).
13
Let u(y) = -1783*y - 24964. Give u(-14).
-2
Let f(y) = -2*y**2 + 8*y + 39. Calculate f(6).
15
Let y(b) = -92*b + 23. Give y(-3).
299
Let u(f) = -f**3 - 7*f**2 + 16*f + 63. Determine u(-9).
81
Let m(g) = -1622*g + 12980. Determine m(8).
4
Let r(j) = -766*j + 771. Give r(1).
5
Let w(q) = -10*q**3 + q**2 + 6*q - 7. What is w(2)?
-71
Let d(c) = 275*c + 258. Determine d(-1).
-17
Let z(p) = 52*p - 265. Give z(5).
-5
Let v(m) = -21*m + 44. Calculate v(2).
2
Let r(j) = -j**3 + 2*j**2 + 122*j - 8. What is r(-10)?
-28
Let l(p) = -4*p**2 + 40*p + 39. Determine l(15).
-261
Let j(n) = -n**3 + 27*n**2 - 52*n + 688. Give j(26).
12
Let n(t) = -2*t**2 - 182*t - 21. Determine n(-91).
-21
Let v(d) = d**3 - 36*d**2 + 312*d + 24. Give v(20).
-136
Let t(x) = x**3 - 5*x**2 + 56*x - 53. Calculate t(0).
-53
Let r(a) = a**3 - 10*a**2 + 10*a + 45. What is r(6)?
-39
Let t(n) = n**3 - 4*n**2 + 460*n + 61. What is t(0)?
61
Let w(h) = 3*h + 107. What is w(-29)?
20
Let l(g) = -4*g**2 + 51*g + 134. Determine l(15).
-1
Let v(u) = -61*u - 19. What is v(-1)?
42
Let a(h) = -9*h + 216. Calculate a(24).
0
Let q(c) = -4*c - 10. Give q(14).
-66
Let v(k) = 14*k**3 + 2*k**2 - 3*k + 2. What is v(1)?
15
Let c(r) = r**2 + 120*r + 2798. Calculate c(-88).
-18
Let n(k) = k**3 - 30*k**2 + 57*k - 23. What is n(28)?
5
Let s(t) = -49*t**2 + 153*t - 3. What is s(3)?
15
Let c(j) = -j**3 - 34*j**2 - 292*j - 6. Give c(-14).
162
Let b(p) = -8*p**2 + 56*p + 144. Determine b(-3).
-96
Let y(x) = 686*x - 9587. What is y(14)?
17
Let u(p) = -2*p**2 - 14*p - 20. Give u(-6).
-8
Let m(g) = -2316*g - 9257. What is m(-4)?
7
Let q(b) = 8*b - 172. What is q(22)?
4
Let t(u) = 6*u - 3. What is t(1)?
3
Let m(p) = -p**2 - 35*p - 75. Give m(-30).
75
Let k(m) = -4*m**3 - 69*m**2 - 77*m + 25. What is k(-16)?
-23
Let x(i) = -262*i + 1011. Determine x(4).
-37
Let r(t) = -4*t**3 + 83*t**2 - 24*t - 718. Calculate r(20).
2
Let p(y) = -296*y - 805. Give p(-3).
83
Let x(h) = 2*h**3 - 94*h**2 - 65*h - 1486. Determine x(48).
2
Let x(y) = -y**2 + 33*y + 113. Calculate x(36).
5
Let u(o) = 6*o**2 - 779*o + 8999. Determine u(117).
-10
Let r(b) = -2*b**2 - 41*b - 236. Determine r(-13).
-41
Let p(j) = -j**3 + 26*j**2 - 107*j + 20. Calculate p(21).
-22
Let s(w) = 10*w - 303. Determine s(-43).
-733
Let q(h) = -3*h - 210. Determine q(-75).
15
Let p(q) = -q**3 + 18*q**2 + 32*q - 571. Give p(18).
5
Let w(j) = j**3 - 2*j**2 - 17*j - 55. Calculate w(6).
-13
Let f(a) = 257*a - 1055. What is f(4)?
-27
Let g(s) = 10*s**2 + 427*s + 268. Determine g(-42).
-26
Let k(h) = -2*h**2 - 72*h + 774. What is k(-45)?
-36
Let h(q) = q + 52. Calculate h(-5).
47
Let b(o) = -2*o**2 - 27*o + 12. Determine b(-12).
48
Let a(x) = x**2 + 24*x + 130. Give a(-13).
-13
Let d(t) = 33*t - 290. Calculate d(8).
-26
Let y(o) = -2*o**3 - 23*o**2 - 47*o - 35. Calculate y(-9).
-17
Let b(a) = -39*a - 117. Determine b(-8).
195
Let n(g) = -g**3 - 126*g**2 - 359*g + 1223. Calculate n(-123).
-7
Let k(a) = a**3 + 7*a**2 - 8*a - 19. Give k(-7).
37
Let t(o) = 82*o + 1649. Calculate t(-20).
9
Let k(c) = -28*c**3 - 21*c**2 + 13*c + 7. Determine k(1).
-29
Let k(q) = -107*q - 372. Determine k(-3).
-51
Let l(b) = -b**2 + 77*b - 880. Give l(64).
-48
Let k(b) = -1154*b + 25398. Calculate k(22).
10
Let i(y) = y**3 - 28*y**2 + 117*y - 22. Determine i(5).
-12
Let a(g) = g**3 - 18*g**2 + 2*g - 11. Determine a(18).
25
Let f(s) = -s**3 + 7*s**2 - 4*s - 5. Determine f(1).
-3
Let c(g) = -335*g + 5372. Give c(16).
12
Let c(x) = -2*x**2 + 2490*x - 24706. What is c(10)?
-6
Let u(k) = 645*k - 1299. Calculate u(2).
-9
Let d(r) = 2*r**3 + 65*r**2 + 34*r + 71. Calculate d(-32).
7
Let o(v) = -2416*v + 14491. Give o(6).
-5
Let n(b) = -b**2 + 24*b + 38. What is n(-4)?
-74
Let r(l) = 2*l**3 - 13*l**2 + 12*l - 9. Calculate r(5).
-24
Let g(x) = 25*x + 302. Give g(-12).
2
Let t(j) = -59*j**2 - 56*j + 2. What is t(-1)?
-1
Let s(l) = 19*l - 220. Give s(5).
-125
Let s(t) = t**3 - 18*t**2 - 39*t - 82. Calculate s(20).
-62
Let h(r) = -5*r**3 - r**2 - 8*r + 9. Give h(3).
-159
Let o(l) = -l**3 + 3*l**2 + 16*l - 16. Determine o(1).
2
Let g(b) = b**3 - 24*b**2 + 117*b + 170. What is g(16)?
-6
Let u(q) = 1843*q + 18484. Give u(-10).
54
Let h(m) = 2*m**2 + 21*m + 86. What is h(-4)?
34
Let z(h) = 20*h + 5. Calculate z(-2).
-35
Let l(k) = 6*k**2 - 113*k - 10. Give l(23).
565
Let q(h) = -24*h + 378. What is q(7)?
210
Let j(g) = 3*g + 2. Determine j(7).
23
Let o(j) = -j - 59. Give o(-9).
-50
Let i(u) = -27*u**3 - 5*u**2 - 14*u - 17. Give i(-3).
709
Let p(m) = m**3 - 5*m**2 + 22*m - 157. Determine p(4).
-85
Let x(d) = 7*d - 46. Give x(5).
-11
Let d(u) = -36*u - 1162. Calculate d(-33).
26
Let s(p) = 32*p - 19. What is s(-1)?
-51
Let h(u) = -3615*u - 112066. Give h(-31).
-1
Let m(v) = -2*v**2 + 260*v - 6006. Give m(30).
-6
Let w(a) = 2*a**2 + 82*a + 289. Give w(-41).
289
Let p(g) = 4*g**2 + 234*g + 42. Determine p(-58).
-74
Let m(u) = 3*u + 331. Give m(-62).
145
Let g(w) = -38*w - 388. Give g(-10).
-8
Let x(i) = i**2 + 10*i - 39. Calculate x(16).
377
Let m(l) = 7*l**2 - 1429*l + 4415. Determine m(201).
-7
Let f(s) = 7*s**3 + 3*s**2 + 5*s - 4. Give f(0).
-4
Let y(o) = -o**3 - 10*o**2 - o - 53. Determine y(-10).
-43
Let j(g) = -g**3 + 7*g**2 - 6*g + 6. Give j(10).
-354
Let l(d) = 546*d - 2735. Give l(5).
-5
Let w(s) = 2*s**3 - 2*s**2 + 4*s - 1. Determine w(2).
15
Let u(o) = 4*o**3 - 4*o**2 - 15*o + 20. Determine u(1).
5
Let z(q) = 657*q + 1314. Calculate z(-2).
0
Let v(q) = q**2 + 204*q + 821